
{"id":5814,"date":"2022-09-19T21:08:33","date_gmt":"2022-09-20T01:08:33","guid":{"rendered":"https:\/\/galerialacurtiembre.cl\/?product=rosado"},"modified":"2023-07-20T12:06:23","modified_gmt":"2023-07-20T16:06:23","slug":"rosado","status":"publish","type":"product","link":"https:\/\/lacurtiembre.cl\/?product=rosado","title":{"rendered":"Rosado"},"content":{"rendered":"<table width=\"380\">\n<tbody>\n<tr>\n<td width=\"380\">Risograf\u00eda a 1 color.\u00a0 Producci\u00f3n exclusiva de N\u00facleo Ordinario de Artistas (NOA) para Galer\u00eda La Curtiembre. 50 unidades seriadas y firmadas<br \/>\nwww.instagram.com\/1989________<br \/>\nAlto x Ancho: 31 x 43 cms<\/td>\n<\/tr>\n<\/tbody>\n<\/table>\n","protected":false},"excerpt":{"rendered":"<p>Risograf\u00eda a 1 color.\u00a0 Producci\u00f3n exclusiva de N\u00facleo Ordinario de Artistas (NOA) para Galer\u00eda La Curtiembre. 50 unidades seriadas y firmadas www.instagram.com\/1989________ Alto x Ancho: 31 x 43 cms<\/p>\n","protected":false},"featured_media":486,"template":"","meta":[],"product_cat":[205,180],"product_tag":[],"aioseo_notices":[],"_links":{"self":[{"href":"https:\/\/lacurtiembre.cl\/index.php?rest_route=\/wp\/v2\/product\/5814"}],"collection":[{"href":"https:\/\/lacurtiembre.cl\/index.php?rest_route=\/wp\/v2\/product"}],"about":[{"href":"https:\/\/lacurtiembre.cl\/index.php?rest_route=\/wp\/v2\/types\/product"}],"wp:featuredmedia":[{"embeddable":true,"href":"https:\/\/lacurtiembre.cl\/index.php?rest_route=\/wp\/v2\/media\/486"}],"wp:attachment":[{"href":"https:\/\/lacurtiembre.cl\/index.php?rest_route=%2Fwp%2Fv2%2Fmedia&parent=5814"}],"wp:term":[{"taxonomy":"product_cat","embeddable":true,"href":"https:\/\/lacurtiembre.cl\/index.php?rest_route=%2Fwp%2Fv2%2Fproduct_cat&post=5814"},{"taxonomy":"product_tag","embeddable":true,"href":"https:\/\/lacurtiembre.cl\/index.php?rest_route=%2Fwp%2Fv2%2Fproduct_tag&post=5814"}],"curies":[{"name":"wp","href":"https:\/\/api.w.org\/{rel}","templated":true}]}}