
{"id":5867,"date":"2022-09-19T21:08:45","date_gmt":"2022-09-20T01:08:45","guid":{"rendered":"https:\/\/galerialacurtiembre.cl\/?product=casa-bulnes-voladora"},"modified":"2022-09-27T14:03:40","modified_gmt":"2022-09-27T18:03:40","slug":"casa-bulnes-voladora","status":"publish","type":"product","link":"https:\/\/lacurtiembre.cl\/?product=casa-bulnes-voladora","title":{"rendered":"Casa Bulnes Voladora"},"content":{"rendered":"<table width=\"380\">\n<tbody>\n<tr>\n<td width=\"380\">Composici\u00f3n digital o mattepainting realizado con fotograf\u00edas realizadas desde el a\u00f1o 2015 hasta la fecha. Serie impresa en papel Fine Art Hahnem\u00fchle libre de \u00e1cido, con sello y m\u00e1ximo de 10 reproducciones de cada obra.<br \/>\nEsta serie trata sobre &#8220;la casa&#8221; como elemento po\u00e9tico y reflejo del paso del tiempo.<br \/>\nAlto x Ancho: 29 x 41 cms.<\/td>\n<\/tr>\n<\/tbody>\n<\/table>\n","protected":false},"excerpt":{"rendered":"<p>Composici\u00f3n digital o mattepainting realizado con fotograf\u00edas realizadas desde el a\u00f1o 2015 hasta la fecha. Serie impresa en papel Fine Art Hahnem\u00fchle libre de \u00e1cido, con sello y m\u00e1ximo de 10 reproducciones de cada obra. Esta serie trata sobre &#8220;la casa&#8221; como elemento po\u00e9tico y reflejo del paso del tiempo. Alto x Ancho: 29 x [&hellip;]<\/p>\n","protected":false},"featured_media":2621,"template":"","meta":[],"product_cat":[182],"product_tag":[],"aioseo_notices":[],"_links":{"self":[{"href":"https:\/\/lacurtiembre.cl\/index.php?rest_route=\/wp\/v2\/product\/5867"}],"collection":[{"href":"https:\/\/lacurtiembre.cl\/index.php?rest_route=\/wp\/v2\/product"}],"about":[{"href":"https:\/\/lacurtiembre.cl\/index.php?rest_route=\/wp\/v2\/types\/product"}],"wp:featuredmedia":[{"embeddable":true,"href":"https:\/\/lacurtiembre.cl\/index.php?rest_route=\/wp\/v2\/media\/2621"}],"wp:attachment":[{"href":"https:\/\/lacurtiembre.cl\/index.php?rest_route=%2Fwp%2Fv2%2Fmedia&parent=5867"}],"wp:term":[{"taxonomy":"product_cat","embeddable":true,"href":"https:\/\/lacurtiembre.cl\/index.php?rest_route=%2Fwp%2Fv2%2Fproduct_cat&post=5867"},{"taxonomy":"product_tag","embeddable":true,"href":"https:\/\/lacurtiembre.cl\/index.php?rest_route=%2Fwp%2Fv2%2Fproduct_tag&post=5867"}],"curies":[{"name":"wp","href":"https:\/\/api.w.org\/{rel}","templated":true}]}}

<table width="380">
<tbody>
<tr>
<td width="380">Composición digital o mattepainting realizado con fotografías realizadas desde el año 2015 hasta la fecha. Serie impresa en papel Fine Art Hahnemühle libre de ácido, con sello y máximo de 10 reproducciones de cada obra.<br />
Esta serie trata sobre &#8220;la casa&#8221; como elemento poético y reflejo del paso del tiempo.<br />
Alto x Ancho: 29 x 41 cms.</td>
</tr>
</tbody>
</table>

<p>Composición digital o mattepainting realizado con fotografías realizadas desde el año 2015 hasta la fecha. Serie impresa en papel Fine Art Hahnemühle libre de ácido, con sello y máximo de 10 reproducciones de cada obra. Esta serie trata sobre &#8220;la casa&#8221; como elemento poético y reflejo del paso del tiempo. Alto x Ancho: 29 x [&hellip;]</p>
