
{"id":5948,"date":"2022-09-19T21:09:04","date_gmt":"2022-09-20T01:09:04","guid":{"rendered":"https:\/\/galerialacurtiembre.cl\/?product=traje-casi-entero"},"modified":"2022-10-12T10:01:33","modified_gmt":"2022-10-12T14:01:33","slug":"traje-casi-entero","status":"publish","type":"product","link":"https:\/\/lacurtiembre.cl\/?product=traje-casi-entero","title":{"rendered":"Traje casi entero"},"content":{"rendered":"<table width=\"380\">\n<tbody>\n<tr>\n<td width=\"380\">Risograf\u00eda a dos colores, impresa sobre papel canson extra blanco antiguo, 250 grs. Producci\u00f3n exclusiva de N\u00facleo Ordinario de Artistas (NOA) para Galer\u00eda La Curtiembre. 50 unidades seriadas y firmadas<br \/>\nhttps:\/\/www.instagram.com\/matiasaps<br \/>\nAlto x Ancho: 37,5 x 28 cms.<\/td>\n<\/tr>\n<\/tbody>\n<\/table>\n","protected":false},"excerpt":{"rendered":"<p>Risograf\u00eda a dos colores, impresa sobre papel canson extra blanco antiguo, 250 grs. Producci\u00f3n exclusiva de N\u00facleo Ordinario de Artistas (NOA) para Galer\u00eda La Curtiembre. 50 unidades seriadas y firmadas https:\/\/www.instagram.com\/matiasaps Alto x Ancho: 37,5 x 28 cms.<\/p>\n","protected":false},"featured_media":1608,"template":"","meta":[],"product_cat":[205,180],"product_tag":[],"aioseo_notices":[],"_links":{"self":[{"href":"https:\/\/lacurtiembre.cl\/index.php?rest_route=\/wp\/v2\/product\/5948"}],"collection":[{"href":"https:\/\/lacurtiembre.cl\/index.php?rest_route=\/wp\/v2\/product"}],"about":[{"href":"https:\/\/lacurtiembre.cl\/index.php?rest_route=\/wp\/v2\/types\/product"}],"wp:featuredmedia":[{"embeddable":true,"href":"https:\/\/lacurtiembre.cl\/index.php?rest_route=\/wp\/v2\/media\/1608"}],"wp:attachment":[{"href":"https:\/\/lacurtiembre.cl\/index.php?rest_route=%2Fwp%2Fv2%2Fmedia&parent=5948"}],"wp:term":[{"taxonomy":"product_cat","embeddable":true,"href":"https:\/\/lacurtiembre.cl\/index.php?rest_route=%2Fwp%2Fv2%2Fproduct_cat&post=5948"},{"taxonomy":"product_tag","embeddable":true,"href":"https:\/\/lacurtiembre.cl\/index.php?rest_route=%2Fwp%2Fv2%2Fproduct_tag&post=5948"}],"curies":[{"name":"wp","href":"https:\/\/api.w.org\/{rel}","templated":true}]}}