
{"id":5997,"date":"2022-09-19T21:09:15","date_gmt":"2022-09-20T01:09:15","guid":{"rendered":"https:\/\/galerialacurtiembre.cl\/?product=dame-veneno"},"modified":"2022-09-27T13:41:25","modified_gmt":"2022-09-27T17:41:25","slug":"dame-veneno","status":"publish","type":"product","link":"https:\/\/lacurtiembre.cl\/?product=dame-veneno","title":{"rendered":"Dame veneno"},"content":{"rendered":"<table width=\"380\">\n<tbody>\n<tr>\n<td width=\"380\">Risograf\u00eda a 2 colores sobre opalina lisa. Producci\u00f3n exclusiva de N\u00facleo Ordinario de Artistas (NOA) para Galer\u00eda La Curtiembre. 50 unidades seriadas y firmadas.<br \/>\nhttps:\/\/www.instagram.com\/violeta_delfinn\/<br \/>\nAlto x Ancho: 42 x 29,7 cms.<\/td>\n<\/tr>\n<\/tbody>\n<\/table>\n","protected":false},"excerpt":{"rendered":"<p>Risograf\u00eda a 2 colores sobre opalina lisa. Producci\u00f3n exclusiva de N\u00facleo Ordinario de Artistas (NOA) para Galer\u00eda La Curtiembre. 50 unidades seriadas y firmadas. https:\/\/www.instagram.com\/violeta_delfinn\/ Alto x Ancho: 42 x 29,7 cms.<\/p>\n","protected":false},"featured_media":1898,"template":"","meta":[],"product_cat":[180],"product_tag":[],"aioseo_notices":[],"_links":{"self":[{"href":"https:\/\/lacurtiembre.cl\/index.php?rest_route=\/wp\/v2\/product\/5997"}],"collection":[{"href":"https:\/\/lacurtiembre.cl\/index.php?rest_route=\/wp\/v2\/product"}],"about":[{"href":"https:\/\/lacurtiembre.cl\/index.php?rest_route=\/wp\/v2\/types\/product"}],"wp:featuredmedia":[{"embeddable":true,"href":"https:\/\/lacurtiembre.cl\/index.php?rest_route=\/wp\/v2\/media\/1898"}],"wp:attachment":[{"href":"https:\/\/lacurtiembre.cl\/index.php?rest_route=%2Fwp%2Fv2%2Fmedia&parent=5997"}],"wp:term":[{"taxonomy":"product_cat","embeddable":true,"href":"https:\/\/lacurtiembre.cl\/index.php?rest_route=%2Fwp%2Fv2%2Fproduct_cat&post=5997"},{"taxonomy":"product_tag","embeddable":true,"href":"https:\/\/lacurtiembre.cl\/index.php?rest_route=%2Fwp%2Fv2%2Fproduct_tag&post=5997"}],"curies":[{"name":"wp","href":"https:\/\/api.w.org\/{rel}","templated":true}]}}